7 - -9 - 10)?
5
Calculate (-2 - -1) + (13 - 15).
-3
What is -1 + 0 + -6 - (-198 - -197)?
-6
5 + (4 + -1 - 4 - -1)
5
What is the value of -9 - (4 + -5 + -3)?
-5
What is 8 - (-4 + 9 + -1)?
4
-9 - (-1 + -7) - (-5 - -12)
-8
What is the value of (-2 - 1) + -4 + 6?
-1
Evaluate -1 + 0 + (-1 - (0 - 5)).
3
What is the value of 0 + (-4 - -4) + -4?
-4
2 - (2 + -7) - 6
1
(-7 + -3 - -8) + 10 + 2
10
-9 + (-3 - -3 - -1) + 3
-5
11 - 1 - (44 + -35)
1
-2 + -3 - (4 - 8)
-1
Evaluate -11 - -2 - (3 - 8).
-4
What is (12 - 12) + 0 + 2 + -1?
1
1 + (-7 - -1) + 9 + -5
-1
-14 + 27 + -21 + -1
-9
Calculate -2 - ((-7 - -8) + 0 + 1).
-4
-2 - (2 - 4 - -4)
-4
-1 + (3 - (-1 - -3)) + -7
-7
What is (5 - (0 - -3)) + -7?
-5
Evaluate (1 - -2) + -3 + -1.
-1
Calculate (-23 + 5 - -7) + (-2 - -10).
-3
Calculate -5 - (-27 + 31 - (-1 - -1)).
-9
What is 12 + -20 + 12 - (-1 + -1)?
6
(-9 - (4 + -9)) + 5
1
Calculate 1 - -8 - (-141 - -155).
-5
What is 1 + (7 - 4) + 1?
5
What is the value of -9 - (-1 + (-3 - (0 - -2)))?
-3
What is -7 + 20 + 9 + -14?
8
6 + (-1 + -2 - (6 - 5))
2
4 - (0 + 2 - -4)
-2
Evaluate (8 - 6) + 0 + -2 - 3.
-3
Evaluate (-4 - 4) + 4 - (-2 + -2).
0
What is (-6 - (1 - 10)) + (-6 - -2)?
-1
What is the value of (-3 - (-3 + -1 + 1)) + 2?
2
What is the value of 12 + -19 + -9 - -6?
-10
Calculate (-2 - (5 - 5 - 9)) + -4.
3
Evaluate 5 + (-8 - (-22 + 7) - 10).
2
What is (4 - 0) + (6 - 3) - 2?
5
Calculate (1 - (-1 + -5)) + (-7 - 2).
-2
Calculate 6 + 7 + -14 - -4.
3
1 + (8 - (15 + -8)) + -5
-3
4 + ((4 - -2) + -4 - 0)
6
What is -2 + (1 - 0 - 0) - 0?
-1
What is -4 + (2 - -9) + 3 + -6?
4
-4 - (-10 + 1 + 4 + -2)
3
2 + 6 + -8 + -3
-3
Evaluate (9 + -2 - 3) + -2.
2
(1 - 6) + 0 + 9 + -7
-3
Calculate -2 + -4 + (-1 - -3).
-4
Calculate (-5 - (2 - (-3 - 0))) + 4.
-6
Calculate 8 - (7 - -11) - -3.
-7
Calculate -8 - (-8 - (-3 + 3)).
0
What is -2 - (5 - (13 + -5))?
1
What is the value of -7 + -3 + 0 + 8?
-2
Calculate 2 + -5 + -2 + (25 - 22).
-2
Calculate 7 - (3 + 2 + -1 + -1).
4
What is (-2 - (1 - 1)) + 4?
2
What is the value of 0 - (-10 - (6 - 13))?
3
Evaluate (-13 - -12) + 0 + -6 + 2.
-5
What is 4 + 1 - (0 + (4 - 0))?
1
What is (1 - -4) + -22 + 17 - 1?
-1
What is 3 + (-3 - 1) + (26 - 14)?
11
Evaluate 0 - (3 + -6 - -1).
2
What is the value of -3 + 0 + -2 + 5?
0
(-5 - (5 - 9)) + 2
1
What is -1 - (6 + 1 + -6) - 5?
-7
-9 + -5 + -1 + 14
-1
13 + -10 - (1 - -1 - 5)
6
What is the value of 4 + (6 - 2) + -13?
-5
Evaluate -3 - (-8 - (7 + -8)).
4
Calculate (6 - 4) + 2 + 2.
6
(13 - 27) + 1 + 0 + 7
-6
-12 + (7 - (-4 - -6))
-7
Evaluate 9 + (-17 - (-15 + 2)).
5
0 + (-1 + 3 - 1) - -3
4
-3 - -1 - -4 - (7 + -1)
-4
Evaluate 16 + (-13 - -5) - 9.
-1
What is the value of (2 - -2) + (-13 - -5) + 0?
-4
Evaluate 6 - (14 + (-10 - -12)).
-10
3 + -2 + 12 + -1 + -5
7
What is 9 + (-21 - (-4 + -8))?
0
What is 10 - ((3 - -1) + 2 - 5)?
9
What is -1 - -1 - ((2 - 6) + 0)?
4
Calculate -1 + 4 + -5 + (2 - 2).
-2
What is the value of -2 - 9 - (0 + -5)?
-6
What is (1 - (1 - 5)) + -4?
1
What is 2 - (10 + -4) - -8?
4
Evaluate 0 - ((4 - -2) + -4).
-2
(4 - -3) + (-2 - (-2 - -4))
3
What is the value of (-21 - (-13 + 2)) + 4 + 1?
-5
What is 3 + (-9 - -9 - (4 + 2))?
-3
Evaluate -1 - 5 - (-4 - 1).
-1
What is the value of 34 - 42 - (-8 - 0)?
0
What is the value of 1 - 10 - -8 - 8?
-9
What is the value of 3 + (3 - 2) - 1?
3
What is the value of -3 + -2 - (-68 + 73)?
-10
Calculate 0 - (10 + (3 + 0 - 8)).
-5
Calculate -6 - -1 - (-11 - (-2 + -4)).
0
What is the value of -2 + (0 - (0 + -1))?
-1
What is 19 + -7 - 4 - 2?
6
0 + (-1 - -4 - 2) + 0
1
What is the value of -2 + 2 + 2 + -4?
-2
Calculate (1 + -6 - (-14 + 11)) + 2.
0
6 + (-11 - (-2 + -3)) + 1
1
What is the value of 3 + 0 - (11 - 9)?
1
Calculate -3 + (-5 - (-15 - -8)).
-1
What is 0 - (3 - 2) - (0 + -2)?
1
What is the value of 1 + -9 + 5 - -2?
-1
Evaluate (-3 - -8) + (-6 - (2 + 5)).
-8
What is 2 + 3 + -8 + -1 + 7?
3
-4 - -12 - (2 + 0) - 4
2
Calculate -4 + 2 - (-8 - -3 - -7).
-4
What is the value of 4 - ((0 - -7) + -5 + 4)?
-2
Evaluate 1 + 3 - (1 - -5) - -1.
-1
Evaluate 8 + (-12 - -11) - 0.
7
Calculate (6 - 4) + 8 + -17 + 5.
-2
Calculate -3 + 11 + -7 + (6 - 2).
5
What is the value of -7 + 7 - -6 - 7?
-1
What is -8 + (2 - (-1 - 2))?
-3
Calculate -7 + (4 + -3 - (-15 - 0)).
9
Evaluate 6 - (5 + (-8 - -3)).
6
What is (12 + -7 - (0 + 4)) + 3?
4
Calculate (-13 + 6 - -9) + 2.
4
Evaluate -2 + (-13 - -7) + -1.
-9
What is -5 + (1 - (5 - 7 - 1))?
-1
What is the value of (1 + 4 - 4) + (2 - 0)?
3
Evaluate 10 + (-4 - -1) + (0 - 2).
5
52 - 59 - (1 - 10)
2
What is 1 - -2 - (-5 - (-6 - -2))?
4
Calculate 0 + 0 - (-5 - -4 - -6).
-5
What is (-2 - 0) + -2 + 2?
-2
1 + 5 - (-10 + 12 + -1)
5
20 + -13 - (4 + -1)
4
What is -4 + -1 + -12 + 20?
3
What is 4 - (0 - (-1 + 0 - 1))?
2
What is the value of (4 - 0) + 2 - (1 - 0)?
5
Evaluate -7 - (1 - (2 - (-4 + 3))).
-5
8 - (0 + (4 - 3) - -8)
-1
Evaluate 2 + (0 - 3) - -3 - -3.
5
Calculate -5 + (-5 + 0 + 4 - -4).
-2
Calculate 8 - (2 - -17) - -7.
-4
3 + 1 + -26 + 25
3
What is the value of (10 - 8) + -5 - (1 - 3)?
-1
What is -3 + 3 + 1 + -2?
-1
Evaluate 7 + -2 + 3 + -6.
2
What is 4 + 6 + 0 + -1 + 1?
10
4 + -1 + -7 + -8 + 3
-9
Evaluate (5 + -7 - -3) + -4 + 0.
-3
Calculate (6 - 1) + -1 + 6 + -10.
0
0 + 3 + 1 + 3
7
What is -4 - 2 - -3 - (1 + 0)?
-4
Calculate 0 + 0 - 1 - (121 + -119).
-3
What is the value of (-4 - (-5 + -2)) + 1?
4
What is the value of -7 - (-3 + 0 - 0)?
-4
Evaluate 3 - (7 - 13) - (-2 - -5).
6
3 + -3 + -1 - 4
-5
What is 12 - (-1 - (-5 - -2 - 5))?
5
What is the value of 0 - ((0 - 2) + 3)?
-1
What is -1 + 3 + 1 - 1?
2
What is (0 - -1) + (-3 - (-3 + 0))?
1
(-5 - -9) + 1 + -3 + 3
5
Evaluate -4 - (7 + -6) - (-3 + 0).
-2
What is the value of -11 + 4 - 2 - -7?
-2
What is the value of 1 + (-5 + 3 - -1)?
0
Calculate (-1 - -6) + -7 + (3 - 0).
1
What is -4 - -1 - (-1 + 2) - -1?
-3
What is -5 - ((-5 - 3) + 3)?
0
Calculate -7 + 6 + -8 + 7.
-2
What is the value of -4 + 1 - -10 - (34 + -35)?
8
What is 2 - ((-11 - -9) + 5)?
-1
-7 + 2 + -1 + 12
6
Calculate 0 + 4 + (4 + -2 - 2).
4
Calculate -5 + 7 + -1 + (-1 - 2).
-2
2 + -4 + -1 + -2 + 4
-1
Calculate -2 - (-4 - -5) - -1.
-2
What is the value of 4 + 7 + -18 + -1?
-8
Evaluate 3 + -2 + 6 + -2 + -1.
4
What is the value of (-17 - -4 - -15) + -1 + -4?
-3
What is the value of -2 - ((3 - 3) + -6 - -5)?
-1
What is the value of 4 + -1 + 1 - (2 - -1)?
1
What is the value of -5 + 0 - (-9 - 0)?
4
What is 6 + 1 + 49 + -51?
5
What is the value of 2 + 0 + 4 - 5?
1
Evaluate 2 + (-3 - (-4 + 0)) - -5.
8
(0 - 1 - 3) + (-66 - -68)
-2
(-8 - -15) + -4 - 3
0
-5 + -2 + 8 + 2
3
What is the value of -3 + 10 + 1 + -5?
3
Calculate -3 + 1 - (-2 + 1).
-1
6 - (5 + -13 - -8)
6
0 - (0 + 0 + -1)
1
Calculate 4 + (1 - (3 + 0)).
2
Evaluate -4 + (3 + 1 - 2) + -1.
-3
What is 4 - 3 - (0 + (-2 - -8))?
-5
Evaluate 0 - 1 - -5 - 8.
-4
Calculate 2 + (3 + -5 - (2 - -1)).
-3
What is 8 + (-7 - 3) + -1 - -14?
11
Evaluate -1 + 3 + (-8 - -3 - 0).
-3
What is the value of -6 + (0 + 7 - 2 - 0)?
-1
-5 - (3 + -3) - -5
0
Calculate 2 + 1 - (6 + 2).
-5
What is the value of 0 + -3 + (8 - 2)?
3
What is the value of -3 + (3 + -3 - (-1 - -3))?
-5
What is the value of 6 - ((-21 - -12) + 13)?
2
1 - ((-3 + 4 - 5) + 3)
2
What is the value of (6 - 5) + -4 - 1?
-4
-4 - (8 + -2 + -8)
-2
Evaluate (0 - -1 - 13) + 3.
-9
What is the value of -9 - 4 - -4 - (-8 + 2)?
-3
12 + (-27 - -12) - (5 + 1)
-9
What is the value of 5 + -2 + -3 + 2?
2
-4 - ((-4 - -6) + -1)
-5
Calculate -3 - (3 + (1 - 6)).
-1
Calculate (-5 - -4) + -3 + 4.
0
What is the value of (1 - 0) + -1 + (2 - 4)?
-2
Evaluate (12 + -7 - -10) + -6.
9
Calculate 8 + -14 + (8 - 9 - -9).
2
What is the value of 3 + (-2 - -2) + 1?
4
(4 + -2 - 0) + -3
-1
What is the value of 11 + -2 + -23 + (5 - 1)?
-10
(-2 - (-23 - -11)) + -4
6
-5 - (-4 + 4 + -4)
-1
(-8 + 5 - 4) + (-1 - -6)
-2
Calculate -15 + 7 + 16 + -1.
7
Evaluate 2 + (-7 - (-7 - 0)).
2
(5 - 3 - (2 + 0)) + -3
-3
What is the value of (-2 - (6 + 2)) + 6?
-4
Calculate 1 - ((2 - 4) + 3).
0
Evaluate (7 - 3) + -3 + 7.
8
Calculate (1 + 0 - -2) + -28 + 26.
1
What is the value of (-4 - -2) + -2 + (9 - 10)?
-5
Evaluate (-4 - (-12 + 5)) + 6.
9
13 + -8 + 1 + -8
-2
Calculate 3 + (-6 - -3) + 4 - 4.
0
2 - (0 - -2) - (12 - 14)
2
Evaluate ((-4 - -3) + 0 - 4) + 6.
1
Evaluate (-4 - -4) + (-3 - -5).
2
What is 4 - (-8 - -3 - -8 - 4)?
